 divided by z?
11
Suppose -7*l - 22 = -9*l. Calculate the remainder when 20 is divided by l.
9
Let u = -20 + 14. Let c(b) be the third derivative of -b**5/60 - b**4/3 - b**3/2 - 18*b**2. What is the remainder when 16 is divided by c(u)?
7
Suppose -5*r = -46 - 14. Suppose 3*w = w + 70. Calculate the remainder when w is divided by (r/(-5))/((-6)/30).
11
Let p = 10 - 5. Suppose 5*v + 8 = 7*v. What is the remainder when p is divided by v?
1
Suppose 3*t = 3*m + 15, -5*t - 2 + 15 = -m. Suppose 3*i = -2*b + 6, -5*b + 2 = -t*i - 32. Let g(s) = s - 5. What is the remainder when b is divided by g(9)?
2
Let t = 3 - -1. What is the remainder when t/(-6) + 28/6 is divided by 2?
0
Let g(u) = u - 4. Let l be g(8). Suppose 0 = -5*v - 15, 4*v - 278 = -l*q + 34. Calculate the remainder when q is divided by 14.
11
Suppose -g = -5, r - 3*g + 32 = 2*g. What is the remainder when ((-329)/r)/(1/1) is divided by 16/(-10)*-10*1?
15
Let n(t) = 0*t - 2 + t + 0 + t**2 - 2. What is the remainder when 31 is divided by n(-5)?
15
Calculate the remainder when 56 is divided by 1/(2 + ((-31)/(-30) - 3)).
26
Suppose -3*m = -2*m - 3. Suppose 2*z - 54 = -3*s, -m*s - s + 8 = 0. Calculate the remainder when z is divided by 7.
3
Suppose 0 = 5*h - 4*f - 15, -h = -2*f - f - 14. Suppose -44 = 17*x - 18*x. What is the remainder when x is divided by h/3 - 70/(-3)?
21
Suppose 72 = 9*c - 3*c. What is the remainder when 105 is divided by c?
9
Suppose -2*a = 3*a - 225. Calculate the remainder when a is divided by 13.
6
Let q(n) = -9*n + 0*n - 1 - 1. What is the remainder when q(-4) is divided by 18?
16
Let p(r) = r**2 - 5*r - 7. Let i be p(10). Let o be i + ((-3)/(-3))/(-1). Suppose 3*q = q + o. What is the remainder when q is divided by 6?
3
Let z = -92 + 227. What is the remainder when z is divided by 46?
43
Let p(y) = 3*y**2 - 2*y - 3*y**2 - 2*y**2 + 3*y**2. Suppose -8 = 2*u - 2. Calculate the remainder when p(u) is divided by 8.
7
Let s(i) be the first derivative of -i + 17/2*i**4 + 0*i**2 + 0*i**3 - 2. What is the remainder when s(1) is divided by 9?
6
Let y be -1 - -1 - (-2 - 8). Let d = y + -7. Suppose 2*u = d*u - 24. What is the remainder when u is divided by 13?
11
Let w be 210/(-20) - 2/4. Let j = 13 + w. Calculate the remainder when 3 is divided by j.
1
Suppose -3*o - 2*u + 0 = -11, -o + u + 7 = 0. Suppose -2*n + 5*n = -4*c + 63, 5*c - 75 = -o*n. What is the remainder when 70 is divided by c?
16
Let q = -221 + 348. Calculate the remainder when q is divided by 26.
23
Let w = -138 - -58. Let u be ((-18)/21)/((-2)/(-14)). What is the remainder when w/u + (-3)/9 is divided by 7?
6
Let z(f) = -19*f - 4. Calculate the remainder when (-1 + -2)/(2/(-18)) is divided by z(-1).
12
Let o be 2 - (4 - 2)*-1. Suppose -o*u + 16 = -52. What is the remainder when 67 is divided by u?
16
Let s(w) = -4*w**3 - w. Let z be s(-1). Suppose -5*f + 71 = 4*n + 12, 2*f - z*n = 17. Calculate the remainder when -1 + (-66)/(-1 + -1) is divided by f.
10
Suppose 0 = 5*b - 0*b - 10. Suppose -54 = -2*j + b. Calculate the remainder when (-312)/(-14) + (-8)/j is divided by 12.
10
Let w = 44 + 5. Let c = -95 - -112. What is the remainder when w is divided by c?
15
What is the remainder when 55 is divided by 9/(-15) - (-296)/10?
26
Let f(i) = i**3 - 5*i**2 - i + 7. Suppose -3*o + 3*k = -5*o + 12, -4*o = 2*k - 16. What is the remainder when o is divided by f(5)?
1
Suppose 2*i - 7*i - 14 = -c, 157 = 5*c + 4*i. Let b = 25 - 17. Calculate the remainder when c is divided by b.
5
Let i(c) = -c**2 - 7*c - 1. Let a be (-1 + 0)*(-1)/1. What is the remainder when ((-39)/(-9))/(a/3) is divided by i(-6)?
3
Let o(t) = -t**3 + 6*t**2 + 3*t + 7. What is the remainder when o(5) is divided by 15 + (-6)/(-3) + -1?
15
Suppose 5*w + 5 = 0, 8 = 2*n + w - 15. Suppose -2*d + z + 26 = -0*z, 48 = 4*d - z. Let j(g) = 4*g + 2. Calculate the remainder when j(d) is divided by n.
10
Let o(z) = -1 + z + z**2 + 35*z**3 + 2 + 13*z**3 - 2. Calculate the remainder when o(1) is divided by 13.
10
Suppose -3*h = -4*h. Suppose -2*a - 5 - 3 = h. What is the remainder when 11 is divided by 112/18 + a/18?
5
Let f = 29 - 43. Let p = f - -23. What is the remainder when 15 is divided by p?
6
Calculate the remainder when 22 is divided by ((-4)/(-3))/(2/12).
6
Let c be 89/(-2) - (-4)/8. Calculate the remainder when (-151)/(-4) - (-33)/c is divided by 13.
11
Let d(o) = -10*o + 3. Calculate the remainder when d(-1) is divided by (-4)/(-14) + (-66)/(-14).
3
Let r(f) = -f + 21. Calculate the remainder when 79 is divided by r(11).
9
Let k(g) = -g**2 + 7*g - 7. Let x be k(7). Let c = -5 - x. Suppose -3*z = c*z - 20. Calculate the remainder when 10 is divided by z.
2
Suppose 7*o - 3*o - 2*u - 16 = 0, -4*o + 8 = 2*u. Suppose 4*r = o*m + 26, 5 = -5*r + 4*r - 5*m. What is the remainder when r is divided by 4?
1
Let n = 36 + -20. What is the remainder when n is divided by 9?
7
Let k(t) = t**3 + 3*t**2 - 6*t - 3. Let v(p) = -p + 12. Let m be v(9). Suppose -2*i - m - 5 = 0. What is the remainder when 13 is divided by k(i)?
3
Let a(c) = -2*c**3 - c**2. What is the remainder when (-880)/(-26) + 22/143 is divided by a(-2)?
10
Suppose -2*n - 2 = -6. Let r be (-1)/(n/(-8)*2). Suppose 6*v = r*v + 104. What is the remainder when v is divided by 14?
12
Let y = 25 - -39. Suppose -2*g - 2*g + y = 0. Suppose 4*w + 3*u = 8 + 13, w - 4*u = 29. Calculate the remainder when g is divided by w.
7
Suppose -3*s + 84 + 36 = 0. Suppose -5*z + 85 = -3*f, 3*z + f - 23 = z. What is the remainder when s is divided by z?
12
Suppose -3*k = 2*k. Suppose -m + 0*m + 5 = k. What is the remainder when m is divided by 2?
1
Let k(s) = s**3 + 13*s**2 - 2*s - 8. Let m(i) = i**2 - 10*i + 8. Let o be m(7). What is the remainder when 71 is divided by k(o)?
17
Let p(j) = -2*j - 12. Let n = -2 - -11. What is the remainder when n is divided by p(-8)?
1
Let q(u) = u**3 + 6*u**2 + 4*u - 3. Let h be q(-5). What is the remainder when h/((-51)/(-25) + -2) is divided by 17?
16
Suppose 87 = 3*i + p - 44, -3*p = 3*i - 123. Calculate the remainder when i is divided by 16.
13
Suppose -7*i + 4*i + 562 = -2*x, 5*i = -x + 941. Calculate the remainder when i is divided by 27.
26
Let j = -35 - -36. Calculate the remainder when 3 is divided by j.
0
Suppose -2*q + 1300 = 2*q. Suppose -7*j = -2*j - q. Let z = j - 36. Calculate the remainder when z is divided by 15.
14
Let x = 34 - 9. Let u(z) = z**3 - 2*z**2 - 2*z. Calculate the remainder when 110/x - 4/10 is divided by u(3).
1
Let l = -2 - -6. Suppose -5*f + 291 = -3*j + l*j, 4*j = 3*f - 193. Calculate the remainder when f is divided by 30.
29
Let c = -64 + 97. Suppose -4*d + c = -55. Suppose 0 = 2*j - 4*j - t + 129, -2*t - 318 = -5*j. Calculate the remainder when j is divided by d.
20
Let m be -3 + 0 + 0 - -21. What is the remainder when (m/9)/(2/16) is divided by 9?
7
Let b(l) = l**3 + 6*l**2 - 3*l + 7. Let c be b(-6). Suppose 3*r - 4*r = -c. Calculate the remainder when 74 is divided by r.
24
Calculate the remainder when 605/9 + 2/(-9) is divided by 10.
7
Let t = 22 - -23. What is the remainder when t is divided by 8?
5
Let d(k) = -k**2 + 16*k + 7. Let u be (1 - (2 - 4))*4. Suppose -2*a = -3*a + u. What is the remainder when d(15) is divided by a?
10
Let t(p) = -p**2 + 8*p + 2. What is the remainder when 33 is divided by t(7)?
6
Let v(i) = 2*i**3 - 2*i**2 - 2*i + 3. Let m be v(2). Calculate the remainder when (14/m)/(2/3) is divided by 3.
0
Let w(c) = c**3 + 8*c**2 + 12*c + 8. What is the remainder when 26/20*2*5 is divided by w(-6)?
5
Let j(x) = 3*x - 10. Let z be j(5). Let v(f) = 2*f**2 - 6*f - 3. What is the remainder when 67 is divided by v(z)?
16
Let o be -17*((-1 - -2) + 1). Let n = 56 + o. Suppose 4*k - 20 = 2*k - 2*y, 4*y - 8 = 0. Calculate the remainder when n is divided by k.
6
Suppose 13 = n - 2*p, -2*n + 2*p = 2*n - 28. Suppose -2*h - 19 = -n*a + 35, -h - 42 = -4*a. What is the remainder when a is divided by 3?
1
Let l(m) = 4 - 3 + 7*m + 0*m. Let h be l(3). Let p = h - 13. What is the remainder when 25 is divided by p?
7
Let z = 128 + -87. Suppose 3*j + 2 = -1. What is the remainder when z is divided by 10 - ((0 - j) + -2)?
8
Let x(l) = l**2 + 2*l + 1. What is the remainder when x(-9) is divided by 13?
12
Suppose -4*p + 3*i = 4*i - 621, -462 = -3*p - 2*i. Calculate th